e factors of 6418308.
2, 3, 13, 41143
List the prime factors of 69759.
3, 23, 337
What are the prime factors of 32517?
3, 3613
What are the prime factors of 13436207?
13436207
What are the prime factors of 588183?
3, 17, 19, 607
What are the prime factors of 5353691?
7, 17, 6427
What are the prime factors of 3733942?
2, 1866971
What are the prime factors of 742979?
311, 2389
List the prime factors of 2711595.
3, 5, 180773
List the prime factors of 411433.
11, 113, 331
List the prime factors of 201555.
3, 5, 1493
List the prime factors of 9004807.
7, 167, 7703
What are the prime factors of 7998428?
2, 1999607
What are the prime factors of 4940281?
4940281
What are the prime factors of 7706446?
2, 11, 350293
List the prime factors of 1513035.
3, 5, 33623
What are the prime factors of 222574?
2, 11, 67, 151
List the prime factors of 90403.
90403
List the prime factors of 913025.
5, 59, 619
List the prime factors of 57878.
2, 43, 673
What are the prime factors of 5641141?
11, 23, 2027
What are the prime factors of 232033?
17, 13649
List the prime factors of 2470325.
5, 11, 13, 691
What are the prime factors of 1719236?
2, 29, 14821
List the prime factors of 3760595.
5, 73, 10303
What are the prime factors of 297138?
2, 3, 49523
List the prime factors of 2429744.
2, 181, 839
What are the prime factors of 16550?
2, 5, 331
What are the prime factors of 609558?
2, 3, 19, 5347
List the prime factors of 8385018.
2, 3, 23, 60761
What are the prime factors of 54704?
2, 13, 263
List the prime factors of 674624.
2, 83, 127
What are the prime factors of 14772173?
13, 701, 1621
List the prime factors of 29783.
13, 29, 79
List the prime factors of 7087050.
2, 3, 5, 15749
List the prime factors of 61879.
61879
What are the prime factors of 81336?
2, 3, 3389
What are the prime factors of 2878619?
563, 5113
What are the prime factors of 243334?
2, 7, 13, 191
What are the prime factors of 308433?
3, 102811
What are the prime factors of 9512469?
3, 17, 79, 787
What are the prime factors of 935243?
935243
What are the prime factors of 606964?
2, 41, 3701
What are the prime factors of 1986309?
3, 13, 5659
List the prime factors of 69223.
7, 11, 29, 31
List the prime factors of 11252680.
2, 5, 281317
What are the prime factors of 17793724?
2, 13, 342187
List the prime factors of 727219.
89, 8171
List the prime factors of 19231540.
2, 5, 953, 1009
List the prime factors of 10106237.
10106237
List the prime factors of 332066.
2, 7, 23719
What are the prime factors of 15760326?
2, 3, 17, 61, 149
List the prime factors of 209106.
2, 3, 11617
What are the prime factors of 3762665?
5, 19, 39607
What are the prime factors of 536575?
5, 13, 127
What are the prime factors of 132837?
3, 44279
List the prime factors of 608305.
5, 121661
What are the prime factors of 2185591?
653, 3347
What are the prime factors of 8408395?
5, 1681679
List the prime factors of 2281232.
2, 23, 6199
What are the prime factors of 1277887?
13, 98299
What are the prime factors of 2450218?
2, 1225109
List the prime factors of 253384.
2, 19, 1667
List the prime factors of 2919835.
5, 17, 34351
List the prime factors of 2565602.
2, 13, 101, 977
What are the prime factors of 161858?
2, 80929
List the prime factors of 5035097.
911, 5527
What are the prime factors of 1447393?
643, 2251
List the prime factors of 768878.
2, 11, 34949
What are the prime factors of 31669645?
5, 7, 904847
List the prime factors of 1103613.
3, 7, 52553
What are the prime factors of 317058?
2, 3, 7, 7549
List the prime factors of 111317.
111317
List the prime factors of 178327.
178327
List the prime factors of 3074859.
3, 31, 103, 107
What are the prime factors of 152919?
3, 13, 1307
What are the prime factors of 283288?
2, 17, 2083
What are the prime factors of 1562?
2, 11, 71
What are the prime factors of 809864?
2, 11, 9203
What are the prime factors of 6866438?
2, 31, 110749
What are the prime factors of 6267379?
43, 145753
List the prime factors of 382096.
2, 11, 13, 167
What are the prime factors of 397124?
2, 7, 13, 1091
What are the prime factors of 5910252?
2, 3, 107, 4603
List the prime factors of 207599.
7, 47, 631
What are the prime factors of 571539?
3, 19, 37, 271
What are the prime factors of 9921721?
349, 28429
What are the prime factors of 336757?
336757
List the prime factors of 9828079.
9828079
List the prime factors of 17921417.
17, 1054201
What are the prime factors of 317408?
2, 7, 13, 109
List the prime factors of 2782464.
2, 3, 3623
List the prime factors of 5831413.
7, 149, 5591
List the prime factors of 8419940.
2, 5, 420997
List the prime factors of 296919.
3, 7, 1571
What are the prime factors of 104954?
2, 97, 541
List the prime factors of 4768707.
3, 1589569
What are the prime factors of 880072?
2, 23, 4783
List the prime factors of 520627.
37, 14071
List the prime factors of 235184.
2, 14699
List the prime factors of 5799716.
2, 13, 111533
What are the prime factors of 783411?
3, 17, 15361
What are the prime factors of 5512396?
2, 1378099
List the prime factors of 5440237.
11, 494567
What are the prime factors of 68418?
2, 3, 7, 181
List the prime factors of 20632076.
2, 5158019
What are the prime factors of 10859713?
389, 27917
List the prime factors of 481107.
3, 11, 61, 239
What are the prime factors of 19102436?
2, 751, 6359
List the prime factors of 2093127.
3, 37, 109, 173
What are the prime factors of 11796?
2, 3, 983
List the prime factors of 7891417.
17, 464201
What are the prime factors of 7515365?
5, 11, 13, 23, 457
What are the prime factors of 54726?
2, 3, 7, 1303
What are the prime factors of 191549?
31, 37, 167
What are the prime factors of 19652?
2, 17
What are the prime factors of 2868990?
2, 3, 5, 95633
What are the prime factors of 154773?
3, 29, 593
What are the prime factors of 23890?
2, 5, 2389
List the prime factors of 1447405.
5, 137, 2113
What are the prime factors of 6192005?
5, 19, 65179
What are the prime factors of 687889?
67, 10267
List the prime factors of 10839050.
2, 5, 216781
What are the prime factors of 58068?
2, 3, 1613
List the prime factors of 563354.
2, 11, 29, 883
What are the prime factors of 9962231?
271, 36761
What are the prime factors of 2586280?
2, 5, 19, 41, 83
List the prime factors of 21050.
2, 5, 421
What are the prime factors of 312680?
2, 5, 7817
What are the prime factors of 38928716?
2, 9732179
List the prime factors of 10906033.
1279, 8527
List the prime factors of 5379235.
5, 53, 383
What are the prime factors of 7096?
2, 887
List the prime factors of 201912.
2, 3, 47, 179
What are the prime factors of 386889?
3, 29, 4447
List the prime factors of 52721.
52721
List the prime factors of 892566.
2, 3, 16529
List the prime factors of 1548696.
2, 3, 173, 373
List the prime factors of 3621614.
2, 557, 3251
What are the prime factors of 33820617?
3, 743, 15173
List the prime factors of 267573.
3, 79, 1129
What are the prime factors of 12350179?
101, 122279
What are the prime factors of 47552?
2, 743
List the prime factors of 3331612.
2, 19, 59, 743
List the prime factors of 6195716.
2, 1548929
What are the prime factors of 17380524?
2, 3, 7, 206911
List the prime factors of 15969422.
2, 7, 37, 30829
What are the prime factors of 5574413?
13, 428801
What are the prime factors of 631109?
37, 461
What are the prime factors of 1873039?
7, 19, 14083
List the prime factors of 1145259.
3, 1571
List the prime factors of 137771.
137771
List the prime factors of 500576.
2, 15643
List the prime factors of 12178.
2, 6089
What are the prime factors of 28358?
2, 11, 1289
List the prime factors of 5845869.
3, 649541
What are the prime factors of 1765087?
1765087
What are the prime factors of 285261?
3, 95087
List the prime factors of 13408025.
5, 41, 103, 127
List the prime factors of 3867938.
2, 71, 27239
List the prime factors of 1874268.
2, 3, 11, 4733
List the prime factors of 461989.
11, 41999
List the prime factors of 1046661.
3, 7, 11, 23, 197
What are the prime factors of 30127?
47, 641
What are the prime factors of 41758764?
2, 3, 3479897
List the prime factors of 4167593.
19, 401, 547
List the prime factors of 541426.
2, 211, 1283
List the prime factors of 13194.
2, 3, 733
What are the prime factors of 2265525?
3, 5, 10069
What are the prime factors 